 1603?
107
Calculate the remainder when 6246969 is divided by 233.
6
What is the remainder when 1859033 is divided by 929459?
115
Calculate the remainder when 110593 is divided by 20258.
9303
What is the remainder when 89944249 is divided by 125?
124
What is the remainder when 5319677 is divided by 838?
53
Calculate the remainder when 26354633 is divided by 2196218.
17
Calculate the remainder when 17529035 is divided by 61.
14
What is the remainder when 560824 is divided by 2671?
2585
Calculate the remainder when 2310739 is divided by 210060.
79
What is the remainder when 1121679 is divided by 413?
384
What is the remainder when 82395705 is divided by 2194?
35
Calculate the remainder when 3067 is divided by 2665.
402
Calculate the remainder when 68481049 is divided by 445.
444
What is the remainder when 1020271 is divided by 218?
31
Calculate the remainder when 5490904 is divided by 3419.
3409
What is the remainder when 1699851 is divided by 7174?
6787
Calculate the remainder when 1092007 is divided by 249.
142
Calculate the remainder when 422655 is divided by 422611.
44
Calculate the remainder when 345240 is divided by 128.
24
Calculate the remainder when 2554938 is divided by 1421.
1401
What is the remainder when 12034576 is divided by 39?
34
Calculate the remainder when 88228631 is divided by 1705.
1701
What is the remainder when 671771 is divided by 335575?
621
What is the remainder when 21913658 is divided by 689?
13
Calculate the remainder when 6046895 is divided by 26.
23
What is the remainder when 7633624 is divided by 276?
16
Calculate the remainder when 992352 is divided by 20.
12
Calculate the remainder when 19529721 is divided by 28594.
19
What is the remainder when 4861647 is divided by 23?
22
What is the remainder when 744882 is divided by 58?
46
What is the remainder when 438301 is divided by 9739?
46
What is the remainder when 46414335 is divided by 32?
31
What is the remainder when 55970157 is divided by 75?
57
Calculate the remainder when 112819 is divided by 11470.
9589
Calculate the remainder when 8548573 is divided by 712380.
13
Calculate the remainder when 288811 is divided by 1328.
635
Calculate the remainder when 29835516 is divided by 80.
76
What is the remainder when 11482685 is divided by 34796?
5
Calculate the remainder when 67758 is divided by 3078.
42
Calculate the remainder when 2352320 is divided by 3575.
3545
Calculate the remainder when 239118 is divided by 256.
14
Calculate the remainder when 160079666 is divided by 26679942.
14
Calculate the remainder when 895504 is divided by 227.
216
Calculate the remainder when 77494124 is divided by 53518.
60
Calculate the remainder when 302728 is divided by 1085.
13
Calculate the remainder when 8073077 is divided by 621005.
12
What is the remainder when 50103638 is divided by 50103609?
29
Calculate the remainder when 29617130 is divided by 7829.
23
Calculate the remainder when 3453377 is divided by 313940.
37
What is the remainder when 9054160 is divided by 147?
136
Calculate the remainder when 63644872 is divided by 19.
2
Calculate the remainder when 126237 is divided by 693.
111
What is the remainder when 4445293 is divided by 476?
405
What is the remainder when 167087312 is divided by 12746?
12744
What is the remainder when 879717 is divided by 578?
1
Calculate the remainder when 33731 is divided by 1206.
1169
What is the remainder when 146393 is divided by 2399?
54
Calculate the remainder when 827505 is divided by 206857.
77
Calculate the remainder when 13997414 is divided by 519.
503
Calculate the remainder when 655233 is divided by 655224.
9
What is the remainder when 24680 is divided by 298?
244
What is the remainder when 1343383 is divided by 22389?
43
Calculate the remainder when 743646 is divided by 61949.
258
Calculate the remainder when 3445094 is divided by 150.
44
What is the remainder when 17641 is divided by 2074?
1049
What is the remainder when 1892916 is divided by 288?
180
Calculate the remainder when 90978 is divided by 15140.
138
What is the remainder when 17648235 is divided by 4412036?
91
What is the remainder when 9388 is divided by 4690?
8
Calculate the remainder when 173228 is divided by 4978.
3976
Calculate the remainder when 22631514 is divided by 5368.
26
Calculate the remainder when 541644 is divided by 2295.
24
What is the remainder when 173840 is divided by 2449?
2410
Calculate the remainder when 380605 is divided by 2393.
118
Calculate the remainder when 42687182 is divided by 3534.
3530
What is the remainder when 873767 is divided by 170?
137
What is the remainder when 169898086 is divided by 169898069?
17
Calculate the remainder when 60168369 is divided by 4406.
33
What is the remainder when 658163 is divided by 2512?
19
Calculate the remainder when 1621270 is divided by 60047.
1
What is the remainder when 608650379 is divided by 90?
89
Calculate the remainder when 163558 is divided by 358.
310
Calculate the remainder when 489134 is divided by 1051.
419
Calculate the remainder when 5098468 is divided by 159327.
4
Calculate the remainder when 307494 is divided by 3171.
3078
What is the remainder when 930527 is divided by 10574?
15
Calculate the remainder when 695643 is divided by 531.
33
What is the remainder when 122743120 is divided by 95?
80
Calculate the remainder when 17866740 is divided by 56.
52
Calculate the remainder when 14011850 is divided by 78.
8
Calculate the remainder when 482442 is divided by 160776.
114
What is the remainder when 351995 is divided by 3?
2
What is the remainder when 2371956 is divided by 8067?
258
What is the remainder when 923590 is divided by 2825?
2640
What is the remainder when 8925130 is divided by 1672?
1666
Calculate the remainder when 246986 is divided by 3288.
386
What is the remainder when 2918716 is divided by 864?
124
What is the remainder when 420271 is divided by 752?
655
What is the remainder when 446463 is divided by 55648?
1279
What is the remainder when 450215 is divided by 9787?
13
What is the remainder when 1767436 is divided by 1588?
1580
What is the remainder when 6692222 is divided by 29?
8
What is the remainder when 143582 is divided by 69?
62
Calculate the remainder when 121617191 is divided by 163.
120
What is the remainder when 12344504 is divided by 54?
50
What is the remainder when 104245 is divided by 25770?
1165
Calculate the remainder when 16337291 is divided by 3415.
3346
What is the remainder when 445146 is divided by 69?
27
What is the remainder when 2908383 is divided by 2754?
159
What is the remainder when 549419998 is divided by 12?
10
What is the remainder when 35245 is divided by 600?
445
Calculate the remainder when 214457540 is divided by 879.
878
Calculate the remainder when 975415 is divided by 419.
402
Calculate the remainder when 3320594 is divided by 274.
262
Calculate the remainder when 24123472 is divided by 7253.
7247
What is the remainder when 710481 is divided by 42?
9
What is the remainder when 612710 is divided by 13?
7
What is the remainder when 45685 is divided by 5076?
1
Calculate the remainder when 11631 is divided by 1934.
27
What is the remainder when 262117 is divided by 3?
1
What is the remainder when 10597453 is divided by 139?
93
What is the remainder when 1370588 is divided by 113?
11
Calculate the remainder when 720990 is divided by 454.
38
What is the remainder when 2289967 is divided by 889?
792
What is the remainder when 48723 is divided by 2434?
43
Calculate the remainder when 301327 is divided by 60145.
602
What is the remainder when 16820 is divided by 342?
62
What is the remainder when 5024892 is divided by 168?
12
Calculate the remainder when 3907580 is divided by 26.
14
What is the remainder when 119828056 is divided by 55?
51
Calculate the remainder when 57214 is divided by 4990.
2324
Calculate the remainder when 1279075 is divided by 1581.
46
What is the remainder when 1680090 is divided by 420017?
22
Calculate the remainder when 333934 is divided by 2303.
2302
Calculate the remainder when 771178 is divided by 257031.
85
Calculate the remainder when 240073 is divided by 4363.
108
Calculate the remainder when 240902 is divided by 120424.
54
Calculate the remainder when 3038627 is divided by 1412.
3
What is the remainder when